{"id":115,"date":"2011-02-07T13:06:02","date_gmt":"2011-02-07T13:06:02","guid":{"rendered":"http:\/\/www.abadaportugal.org\/site\/?page_id=115"},"modified":"2014-01-03T12:08:01","modified_gmt":"2014-01-03T12:08:01","slug":"filosofia","status":"publish","type":"page","link":"https:\/\/www.abadaportugal.org\/site\/abada\/filosofia\/","title":{"rendered":"Filosofia"},"content":{"rendered":"<p style=\"text-align: justify;\">A ABAD\u00c1 CAPOEIRA tem como filosofia, o desenvolvimento do seu trabalho em v\u00e1rios n\u00edveis: seja buscando a eleva\u00e7\u00e3o do n\u00edvel t\u00e9cnico no ensino e aprendizagem da capoeira, seja utilizando a capoeira como valioso recurso pedag\u00f3gico, art\u00edstico e cultural, objectivando, entre outras coisas, a profissionaliza\u00e7\u00e3o do capoeirista e procurando resgatar o valor do mestre de capoeira como produtor transmissor de cultura e viv\u00eancias.<br \/>\nAcreditando estar a contribuir para a forma\u00e7\u00e3o de valores humanos e \u00e9ticos baseados no respeito, na socializa\u00e7\u00e3o e na liberdade, incorporado a :<\/p>\n<p style=\"text-align: justify;\">\u2022 Trabalho em universidades, escolas, clubes, academias, associa\u00e7\u00f5es e em comunidades carentes.<br \/>\n\u2022 Elevar o nome da capoeira.<br \/>\n\u2022 Preserva\u00e7\u00e3o da natureza atrav\u00e9s da capoeira.<br \/>\n\u2022 Valoriza\u00e7\u00e3o a cultura brasileira<br \/>\n\u2022 Integra\u00e7\u00e3o social.<\/p>\n<p style=\"text-align: justify;\">Tudo isso, em busca do fortalecimento e do engrandecimento do capoeirista no seu car\u00e1cter, dignidade e valoriza\u00e7\u00e3o pessoal.<br \/>\nN\u00f3s da ABAD\u00c1, entendemos que a capoeira \u00e9, e sempre foi, uma arte ancestral e futura. A express\u00e3o viva da liberdade de um povo deve, acreditamos, ser praticada com rever\u00eancia e alegria.<br \/>\nA tradi\u00e7\u00e3o e as transforma\u00e7\u00f5es tem a mesma import\u00e2ncia e merecem de nossa parte, o mesmo respeito e aten\u00e7\u00e3o. Transformando e preservando valores, nosso trabalho aponta para a necessidade de deixar a capoeira livre para ser o que ela \u00e9. Para a capoeira e o camale\u00e3o, mudar \u00e9 apenas preservar sua ess\u00eancia.<\/p>\n<p style=\"text-align: justify;\"><strong>Capoeira \u00e9 uma arte que engloba v\u00e1rias artes em uma s\u00f3 arte: \u00e9 um trabalho, uma luta, uma arte, uma dan\u00e7a,. \u00c9 poesia. Tudo isto tem seu momento, ou seja, ela \u00e9 o que o momento determinar. \u00c9 luta nacional brasileira, filosofia de vida. Como consequ\u00eancia, o capoeira compreende a vida de uma maneira diferente: com mais jogo de cintura. Dessa forma consegue suportar melhor suas dificuldades e vivenciar com mais objectividade seus sentimentos.<\/strong><\/p>\n<p style=\"text-align: justify;\"><strong>(Mestre Camisa)<\/strong><\/p>\n","protected":false},"excerpt":{"rendered":"<p>A ABAD\u00c1 CAPOEIRA tem como filosofia, o desenvolvimento do seu trabalho em v\u00e1rios n\u00edveis: seja buscando a eleva\u00e7\u00e3o do n\u00edvel t\u00e9cnico no ensino e aprendizagem da capoeira, seja utilizando a capoeira como valioso recurso pedag\u00f3gico, art\u00edstico e cultural, objectivando, entre<\/p>\n","protected":false},"author":2,"featured_media":0,"parent":106,"menu_order":0,"comment_status":"closed","ping_status":"open","template":"","meta":{"ngg_post_thumbnail":0,"footnotes":""},"class_list":["post-115","page","type-page","status-publish","hentry"],"_links":{"self":[{"href":"https:\/\/www.abadaportugal.org\/site\/wp-json\/wp\/v2\/pages\/115","targetHints":{"allow":["GET"]}}],"collection":[{"href":"https:\/\/www.abadaportugal.org\/site\/wp-json\/wp\/v2\/pages"}],"about":[{"href":"https:\/\/www.abadaportugal.org\/site\/wp-json\/wp\/v2\/types\/page"}],"author":[{"embeddable":true,"href":"https:\/\/www.abadaportugal.org\/site\/wp-json\/wp\/v2\/users\/2"}],"replies":[{"embeddable":true,"href":"https:\/\/www.abadaportugal.org\/site\/wp-json\/wp\/v2\/comments?post=115"}],"version-history":[{"count":2,"href":"https:\/\/www.abadaportugal.org\/site\/wp-json\/wp\/v2\/pages\/115\/revisions"}],"predecessor-version":[{"id":889,"href":"https:\/\/www.abadaportugal.org\/site\/wp-json\/wp\/v2\/pages\/115\/revisions\/889"}],"up":[{"embeddable":true,"href":"https:\/\/www.abadaportugal.org\/site\/wp-json\/wp\/v2\/pages\/106"}],"wp:attachment":[{"href":"https:\/\/www.abadaportugal.org\/site\/wp-json\/wp\/v2\/media?parent=115"}],"curies":[{"name":"wp","href":"https:\/\/api.w.org\/{rel}","templated":true}]}}

<p style="text-align: justify;">A ABADÁ CAPOEIRA tem como filosofia, o desenvolvimento do seu trabalho em vários níveis: seja buscando a elevação do nível técnico no ensino e aprendizagem da capoeira, seja utilizando a capoeira como valioso recurso pedagógico, artístico e cultural, objectivando, entre outras coisas, a profissionalização do capoeirista e procurando resgatar o valor do mestre de capoeira como produtor transmissor de cultura e vivências.<br />
Acreditando estar a contribuir para a formação de valores humanos e éticos baseados no respeito, na socialização e na liberdade, incorporado a :</p>
<p style="text-align: justify;">• Trabalho em universidades, escolas, clubes, academias, associações e em comunidades carentes.<br />
• Elevar o nome da capoeira.<br />
• Preservação da natureza através da capoeira.<br />
• Valorização a cultura brasileira<br />
• Integração social.</p>
<p style="text-align: justify;">Tudo isso, em busca do fortalecimento e do engrandecimento do capoeirista no seu carácter, dignidade e valorização pessoal.<br />
Nós da ABADÁ, entendemos que a capoeira é, e sempre foi, uma arte ancestral e futura. A expressão viva da liberdade de um povo deve, acreditamos, ser praticada com reverência e alegria.<br />
A tradição e as transformações tem a mesma importância e merecem de nossa parte, o mesmo respeito e atenção. Transformando e preservando valores, nosso trabalho aponta para a necessidade de deixar a capoeira livre para ser o que ela é. Para a capoeira e o camaleão, mudar é apenas preservar sua essência.</p>
<p style="text-align: justify;"><strong>Capoeira é uma arte que engloba várias artes em uma só arte: é um trabalho, uma luta, uma arte, uma dança,. É poesia. Tudo isto tem seu momento, ou seja, ela é o que o momento determinar. É luta nacional brasileira, filosofia de vida. Como consequência, o capoeira compreende a vida de uma maneira diferente: com mais jogo de cintura. Dessa forma consegue suportar melhor suas dificuldades e vivenciar com mais objectividade seus sentimentos.</strong></p>
<p style="text-align: justify;"><strong>(Mestre Camisa)</strong></p>

<p>A ABADÁ CAPOEIRA tem como filosofia, o desenvolvimento do seu trabalho em vários níveis: seja buscando a elevação do nível técnico no ensino e aprendizagem da capoeira, seja utilizando a capoeira como valioso recurso pedagógico, artístico e cultural, objectivando, entre</p>
